67 - (-76 + 2)) + 80?
120
What is the value of (-48 - -73) + -121 + 128?
32
Calculate 15 + 11 + ((-31 - -6) + 9 - -9).
19
What is the value of -13 + (12 - (-18 + -17)) + -133?
-99
What is -1 - (-5 - (-10 + 5 + -5)) - (33 - 1)?
-38
98 - 95 - (1 + (-12 - (3 - 3)))
14
49 + -22 + -4 + 36
59
What is the value of (7 - 19) + -13 + -16 + 20?
-21
1 + 0 + -35 + 34 + (1 - (-2 + 43))
-40
What is the value of (47 - 49 - 11) + (-2 - -31)?
16
What is -1 - 1 - (5 - -1) - (124 - (216 - 23))?
61
Calculate -13 - -1 - (-135 + 71 + -18).
70
Evaluate 2 - (-2 - (-39 - -1)).
-34
What is 56 + -66 + 5 + 52?
47
Calculate (9 - -1 - (364 + -357)) + -12 + 8.
-1
What is (-56 + 67 - -3) + (0 - 12)?
2
What is 14 - (-82 - -43 - -38) - (39 + -1)?
-23
Calculate -18 + -18 + -22 + 14.
-44
Evaluate 139 + (-105 - 11) - (-41 + 0).
64
What is 441 - (546 + -185) - (-1 + 1 + -1 - 7)?
88
What is -3 + 2 + -2 + (-41 - -36) - -10?
2
0 + -2 + (-4 - ((4 - 10) + -36) - 9)
27
Calculate 16 + -49 + 13 - (-20 + 1).
-1
What is 40 + (30 - ((16 - -142) + 3))?
-91
Calculate (-1 - -1 - -16) + (25837 - 25860).
-7
Evaluate 5363 + -5455 - (-50 + 1).
-43
Evaluate -26 + ((-10 - -14) + 4 - -3) - -2.
-13
Calculate 3 + -40 - (-6378 + 6379).
-38
Evaluate -6 + 2 + -29 + (11 - -7).
-15
What is -71 - (-58 + 8 + 65 + (2 - 4))?
-84
14 - 1 - ((96 - 230) + 66)
81
What is -3 + 54 - (1977 + -1788)?
-138
What is 230 + -214 - (1 + -2 - 2)?
19
Calculate -1 - (29 - (72 - 39) - (2 - -8)).
13
Evaluate 18 + -1 - (-10 + 2 + (-3 + 7 - -4)).
17
(17 + 3 + 10 - -16 - (2 - 12)) + -7
49
Calculate (-36 + 18 - -14 - (-38 + 0)) + -8.
26
Evaluate 118 + -47 + -70 - -14.
15
What is the value of 9 - 3 - ((7 - (0 - -8)) + 2) - 56?
-51
3 + 1 + -2 + 26 + -4 + -25 + 22
21
What is the value of -96 + 17 + (82 - 1)?
2
-146 + 140 - ((9 - 20) + 12 - 116)
109
-6 + 1 + 45 + (-240 - -211)
11
Calculate (-11 - -33) + (-100 - -121) - (-1 + 15).
29
Calculate (19 - ((8 - -16) + 1)) + 1 + -19.
-24
What is the value of (30 - ((-1 - -1) + -1 - 0)) + -3580 + 3583?
34
Evaluate 21 - (52 + 15 + -38).
-8
Evaluate (371 - 318) + (-23 + -1 - -3).
32
(-3 - 12) + -65 + 34 + 19 + -10
-37
What is 0 - 20 - (387 + -387) - -53?
33
Calculate 53 + -76 + 4 + 117.
98
Calculate 2 + -34 + (32 - 8) + 4 + -18 + -15.
-37
-20 - (-11 - (-1 + -10 - -10)) - (-6 + 15)
-19
Evaluate 381 + -312 - (-1 + -5).
75
What is the value of 4 + (-8 + -1 - 8) + (4 - -31)?
22
Calculate (-20 - 6) + 53 + -103 - -11.
-65
Calculate -3305 + 3293 + 57 + 1.
46
Calculate 15 + (20 - (-71 - -32) - (-14 + -4)).
92
-1 + 8 - (-2 - -2) - (47326 - 47271)
-48
Calculate -7 + (43 - 26 - 12) + (15 - 1).
12
Evaluate (23 - (-4 - -8)) + -2179 + 2232.
72
Evaluate -21 - (61 + -69 + 21).
-34
What is (334 + -342 - (2 + -7 + 4 + 2)) + 77?
68
Calculate -38 + -1 + (31 - (-36 + 65)).
-37
-6 - (10 + -9 + -20) - -6 - 127
-108
21 - 2 - (-26 - (7 - 52))
0
Evaluate (-34 - -15) + (11 - ((-15 - -38) + -17)).
-14
What is the value of 9634 + -9600 + (50 - -1)?
85
What is (-14 - (34 - 23) - -32) + 3 + 1 + -16?
-5
(-71 - -19) + 49 + (56 + 1 - 1)
53
(197 - 218) + (-4 - 0)
-25
Evaluate -3 + 51 - (-22 + (2 - -21) - (-1 - -8)).
54
-14399 + 14335 - (-2 - (-15 + (0 - 1)))
-78
3 + 9 + 2 - (-676 + 685) - (-1 + -20)
26
Calculate -8 + (-2 - -19 - -29) + (-1 - 8).
29
(60 + -51 - (-23 - -8) - 36) + (-1 - -94)
81
Calculate 9 + 12 + -32 + (0 - 0 - 6) + -1.
-18
-7 + -89 + 161 + (1 - 0) + -6
60
What is the value of -10 + 8 + -4 + 5 + 32 + 1?
32
(-13 - 13) + 47 - (277 - 116)
-140
(-4 + -8 - (-33 - -1 - (-33 + 27))) + -11
3
What is the value of (-4 - -116 - 247) + 211?
76
What is -1 + -55 + 21 + -1 + (-17 - 2)?
-55
What is 14310 + -14362 - (-15 - (2 - 2 - 2))?
-39
What is (-148 + 129 - (-9 + 0 + 1)) + (1 - -37)?
27
129 + -257 + (-12 - -34 - 10)
-116
-5 - (-56 + -6 - (-14 - 5))
38
What is 76 + -96 - -72 - -18?
70
Evaluate 26 - ((11 - (-1 + 3)) + 8).
9
What is 2 + 20 - 5 - (-1 - -10) - 2?
6
1 - ((-4 - (17 + -133)) + (-5 - 5) + 10)
-111
-40 + 11 + -6 - (9 + (1 - -6 - 2))
-49
What is -62 + 103 + -45 + 3?
-1
Evaluate 58 + 13 + (13 + (-39 - 1 - -1) - -10).
55
What is -3 - (-86 + 90 + (-4 - -1 - -3)) - -86?
79
Calculate (38 - (-46 - -78)) + (-3 - 15).
-12
What is the value of 81 + -108 - -39 - ((-4 - 20) + -5)?
41
(5 - 6) + 6 + 12 - (-20 + 26)
11
Calculate -110 - (-1 + -2 + (10 - ((-6 - -2) + 25))).
-96
Calculate (63 + -131 - -7) + 105.
44
What is 5 + -105 + 25 - ((3 - 0) + -10)?
-68
Calculate -2 + (-36 - -3) - (6457 - 6535).
43
What is the value of -15 - (43 + (-23 - -4) + (13 - 1))?
-51
What is the value of -25 - (0 + -32 + 19 - -5)?
-17
Calculate (5 - 40 - -12 - 18) + 4.
-37
What is 28 + 24 - ((-3 - -3) + (1 - -3) + 3)?
45
(28 - 131) + 188 + -6
79
What is the value of -23 + (-2 - (-2 - 2) - -7) + -57?
-71
Evaluate 2 - (1661 - 1685 - (0 + -24)).
2
-1 + (1 + 9 - (9 - (12 - 4))) - 16
-8
What is the value of -587 - -684 - (1 - -1) - 31?
64
Evaluate (-17 - 1) + 65 - (-1 + 40).
8
Evaluate -3 + 5 - (7 + (10 - (13 + -14 + 1))).
-15
(-2 - 0) + 1 + (-5 + 4 - (171 + -171))
-2
Calculate 57 - 43 - -2 - 27.
-11
0 + -4 + (-2 - -14 - 24) - 77
-93
-12 - 0 - (-132 + (193 - 195) + 10 + 1)
111
Evaluate -20 + -78 + 97 + 1 + 9 + 0.
9
What is the value of -43 + 1 + -5 + (5 - -6) + 5?
-31
What is the value of 2 + (-2 + -22 - -74 - 0)?
52
What is (-10842 - -10849) + (-3 - -3) + -3?
4
Evaluate 165 - (-16 + 246 + -101).
36
Calculate 1 - -5 - (99 + (-44 - 4)).
-45
Evaluate 10 + (1 - (11 + -19 - -44)).
-25
Evaluate -35 - (-9 + -39 - (24 - 50)).
-13
What is 30 - (31 + -4 + -35) - -5?
43
Evaluate (-6 + 20 - 24 - 7) + -31.
-48
Calculate -368 + 243 - (-6 + -11 + 2).
-110
Evaluate 16 + -47 + -15 + 85.
39
Calculate 24 + (17 - (29 + 0)) + 18 + 102.
132
Evaluate 394 + -313 - (-4 - 5).
90
Calculate -10 - ((-21 - -9 - -22) + -72).
52
Calculate 0 - 5 - (46 + -32 + -45 - 31).
57
What is -31 - (31 - 4) - -29?
-29
What is (-28 + 15 - -17) + -2 - -34?
36
-32 + 1 - (143 + -141)
-33
Evaluate -14 + 122 + 23 + -25 + -1.
105
What is the value of -99 + 69 + 1 + 14 + -8 + -9?
-32
Evaluate -1 + -13 - ((-32 - 30) + 43) - 61.
-56
Calculate 2 + 0 + 18 - (0 + (-1 - -3) + 0).
18
Evaluate (9 - (-28 + 4 + -2)) + -11 - 12.
12
Calculate -5 - ((-2 + -2 - 39 - -11) + 1).
26
What is -7 + 32 - (-40 - -30)?
35
Calculate -6 + 3 + (12 - 7) + -1 + 4 + -50.
-45
-20 - (-56 - (27 - 35))
28
-68 + (9 - -56 - 10)
-13
What is the value of -52 - (52 - 53 - 37)?
-14
Calculate (-2 - -3 - (-1136 + 1207)) + 18.
-52
(24 - 2) + 65 + -60 + 17
44
What is the value of 16 - (11 + 30 + 3 + -25)?
-3
Evaluate 460 + -448 - (-13 - (-2 - (0 - 1))).
24
What is the value of 1 - 11 - (23 - (84 - 29 - 11))?
11
What is the value of -47 + (6 - -15) - -193 - 28?
139
Evaluate -5211 + 5201 - (30 - 1).
-39
-17 + (-66 - -60) - -16
-7
Evaluate -6 - 30 - (-133 - -61) - -29.
65
(-1078 - -1082) + (-4 + 0 - (102 + -24)) + -3
-81
What is (1 - -6) + 4 + 0 + -9 + 133 + -133?
2
83 - (-106 - (-21 - 89))
79
What is -19 + -64 + (-42 - -22 - -30)?
-73
What is the value of (-3 - -1) + 23 - (-1176 - -1245) - 4?
-52
5 - (85 - 35 - 43)
-2
Calculate 0 - -3 - (15 - 26) - 14.
0
Evaluate (2 - 12) + (-79 + 25 - -53).
-11
Evaluate -3 + (-9 - 4) - (32 + -23 + 5).
-30
Evaluate (-5 + -17 + 19 - 101) + 4 + 10.
-90
-16 + 2 - (-205 - -203) - 14
-26
56 + -1 - (44 - 13 - (-158 - -179))
45
What is (103 - 27) + 0 + -9?
67
-37 + 0 - (43 - (85 + -40))
-35
What is 2 - 14 - (-2 + 22 + -13 - -6)?
-25
What is -118 + (101 - -11) + (11 - 0)?
5
What is the value of (2 + 14 - (41 + (-40 - 7))) + 11?
33
-69 - (53 + -94 + -34)
6
What is the value of -10 + (65 - 58) + 28?
25
Calculate -654 - -504 - (-93 - -4).
-61
What is the value of -62 - (30 + -19 - ((-1 - -8) + -6 + -1))?
-73
Calculate 20 - (-68 + 28) - 23 - 29.
8
What is the value of -1 + 21 - (-58 - 171 - -208)?
41
What is the value of (-17 - -20 - -86) + -14 + (-16 - -11)?
70
What is -3 - -25 - (-40 + 97 - 82)?
47
What is 13 + 7 + (10 - 17) - (15 - 27)?
25
Evaluate (-3429 - -3415) + 0 + 77.
63
What is the value of -51 + -6 - (165 - 272)?
50
What is (-39 - 8) + (54 - 28) + (-11 - 2)?
-34
Evaluate (71 + (-41 - 1) - 27) + (0 + -2 - -34).
34
2 - (3 - 18) - (1088 + -1080)
9
What is (-8 - 6) + -7 + 12 + 21?
12
Evaluate (-14 - 3) + 143 + (-28 - -3) + 13 + -2.
112
-23 + -18 + 5 + (-6 - 0 - 2)
-44
Calculate 0 - (-1 - (-2 + 0 + 78 + 48 + -58)).
67
-67 - 0 - (8